n base 15, what is -22c - 8c33e?
-8c56b
In base 6, what is 2450540311 + -3?
2450540304
In base 11, what is -2364 - -4a7?
-1968
In base 14, what is 4 - -4347200?
4347204
In base 10, what is 0 - -138390388?
138390388
In base 15, what is 811791 - 0?
811791
In base 5, what is -12 - 33124331022?
-33124331034
In base 2, what is -111101 + 100110000001?
100101000100
In base 7, what is 1510450 - 31?
1510416
In base 13, what is 1b076 - 205?
1ab71
In base 10, what is -11 - -3547120?
3547109
In base 10, what is -532535 - 27?
-532562
In base 6, what is 332531 - -12022?
344553
In base 6, what is -453 - -22003?
21110
In base 9, what is 1064 + 36611?
37675
In base 15, what is -c3 - -16e0d8?
16e015
In base 14, what is -1953 + 3592b?
33db8
In base 12, what is -1 + -2458398?
-2458399
In base 12, what is 5 - -437337a?
4373383
In base 8, what is 4 - 2134061?
-2134055
In base 8, what is -26567054 - 6?
-26567062
In base 2, what is -1 + 100010111111111111001000?
100010111111111111000111
In base 11, what is 220a7 + 2a?
22126
In base 6, what is -111153 - 2011?
-113204
In base 8, what is -16 + -154027?
-154045
In base 5, what is 11132042 - -31?
11132123
In base 9, what is 35 + -1522385?
-1522350
In base 16, what is 160 + 34697?
347f7
In base 9, what is 531 - -283235?
283766
In base 12, what is -2 - -135515a1?
1355159b
In base 4, what is -1301202200 + 11222?
-1301130312
In base 14, what is 5622d - 56?
561b7
In base 6, what is -152501 + -125334?
-322235
In base 8, what is 70703 + 1313?
72216
In base 3, what is -120011020102012 + 12?
-120011020102000
In base 6, what is -514541522 + 14?
-514541504
In base 3, what is -102120002 - -10002011?
-22110221
In base 14, what is 1807c - 29b?
17bc1
In base 4, what is -3133022 - -21320320?
12121232
In base 7, what is -3622500 - 10?
-3622510
In base 11, what is -5a4 - 332a?
-3923
In base 6, what is 4 + 405455210?
405455214
In base 6, what is 10102 - -1122350?
1132452
In base 6, what is 5414 + -2152303?
-2142445
In base 13, what is 1a - -2b147b1?
2b147cb
In base 9, what is 43 - -1170577?
1170631
In base 6, what is 5011 + -104444?
-55433
In base 15, what is e + 2a1845?
2a1854
In base 10, what is -2 - 33141675?
-33141677
In base 16, what is -b5dce0 + 4?
-b5dcdc
In base 14, what is 308 + 1892?
1b9a
In base 15, what is 12ec202 + -5?
12ec1ec
In base 4, what is 131 + -1002222333131?
-1002222333000
In base 12, what is 2 - 1003b06?
-1003b04
In base 5, what is -12332101 + -44334?
-12431440
In base 10, what is -7116659 + -5?
-7116664
In base 12, what is 17ba06 - -38?
17ba42
In base 4, what is -11210332223 - 123?
-11210333012
In base 15, what is -b7 - 4207?
-42be
In base 12, what is 429b10 - 247?
429885
In base 2, what is -101010011100001 - -10111010011?
-100111100001110
In base 16, what is -999b5 + f?
-999a6
In base 8, what is 15 + 1266040?
1266055
In base 14, what is 1aa - 17aa6?
-178da
In base 6, what is 15 + 122524?
122543
In base 16, what is -c0c + -1107b?
-11c87
In base 15, what is 753a + -2567?
4ec3
In base 6, what is -2 + 4540314501?
4540314455
In base 5, what is -204422411433 - 12?
-204422412000
In base 5, what is 1 - 2042442042?
-2042442041
In base 10, what is 2168 - 4071?
-1903
In base 13, what is -149a26b + -1?
-149a26c
In base 6, what is 11 + 30442455?
30442510
In base 3, what is 101 + 10020010120022?
10020010120200
In base 13, what is -13c + -2242cb?
-22443a
In base 9, what is -1520600 + 70?
-1520520
In base 16, what is -49 + -1a1a5?
-1a1ee
In base 13, what is a9 - 93456?
-9337a
In base 11, what is -2750988 + 1a?
-2750969
In base 14, what is 0 + 72d2b9?
72d2b9
In base 15, what is -341dd0 + 60?
-341d70
In base 5, what is -12422 + -24442?
-42414
In base 5, what is 402211001 - 103?
402210343
In base 10, what is 202 - -2255075?
2255277
In base 14, what is -73 + -ab1dc?
-ab271
In base 9, what is -5 - 3155575?
-3155581
In base 12, what is -2499 + 610?
-1a89
In base 16, what is 8 - -e18abd?
e18ac5
In base 4, what is -12110200131 - 213?
-12110201010
In base 15, what is -4 + -118163cb?
-118163d0
In base 5, what is 1 + 332411433103?
332411433104
In base 2, what is 110100011 - -11000100001000?
11001010101011
In base 9, what is 20413 - 6346?
13056
In base 6, what is -205 + 432343523?
432343314
In base 16, what is -1065 + -a07?
-1a6c
In base 6, what is 1455321105 - -3?
1455321112
In base 11, what is 1257905 + 1?
1257906
In base 8, what is -716710561 - -3?
-716710556
In base 9, what is -76 - 8565326?
-8565413
In base 6, what is 20344 + 3341024?
3401412
In base 4, what is 2333131212 - -100?
2333131312
In base 15, what is -3 - -7b6e98?
7b6e95
In base 3, what is 1020 + 1110220021?
1110221111
In base 11, what is -7317433 - 2a?
-7317462
In base 3, what is 11012102120112 - 1010?
11012102112102
In base 14, what is 199 - -5001?
519a
In base 15, what is -3038387c - 1?
-3038387d
In base 15, what is -9109 - -5ac?
-8a4c
In base 12, what is 5769 + 649?
61b6
In base 8, what is -66 - -74047?
73761
In base 13, what is 238914 + -b?
238906
In base 13, what is -2 - -431b9a0?
431b99b
In base 13, what is -1038c + -259?
-10618
In base 14, what is -599 + -102dd?
-10898
In base 12, what is -1627408 - 0?
-1627408
In base 12, what is -1ba0b8 - -b?
-1ba0a9
In base 4, what is -31022232100 - 12?
-31022232112
In base 2, what is 10111010100110000101011 + -1011101?
10111010100101111001110
In base 12, what is -2 + 2074389a?
20743898
In base 14, what is -1a5 - -9354b?
93386
In base 8, what is 41300 + -1227?
40051
In base 15, what is -2 - 1ceae13?
-1ceae15
In base 13, what is -1a349 - -500?
-19b49
In base 15, what is 142c1ad + 10?
142c1bd
In base 13, what is -3674 + -6a?
-3711
In base 6, what is -2311314053 + 2?
-2311314051
In base 14, what is -200d2 - -22?
-200b0
In base 3, what is 200122221200 + -122?
200122221001
In base 15, what is -5 + -14a1cc91?
-14a1cc96
In base 9, what is 18 - 10082536?
-10082517
In base 2, what is 1011100011010 - -1010010111?
1100110110001
In base 12, what is 218 - -857a8?
85a04
In base 9, what is 4430 - 153274?
-147744
In base 9, what is 25071706 - -5?
25071712
In base 10, what is -5051 - 7212?
-12263
In base 6, what is 5325 + 112421?
122150
In base 6, what is -11411025512 - -11?
-11411025501
In base 16, what is b252 - -7?
b259
In base 5, what is 132 + -131130?
-130443
In base 3, what is -2110102221010 + 1112121?
-2110101101112
In base 7, what is -3323421 - 313?
-3324034
In base 14, what is -2d3b6 + 1?
-2d3b5
In base 16, what is -1320b - -1d6?
-13035
In base 9, what is -83242512 - -2?
-83242510
In base 4, what is -212 + 120010023?
120003211
In base 16, what is 3 + -22d3c6?
-22d3c3
In base 16, what is 49c818 + 50?
49c868
In base 7, what is 1354161 - 1?
1354160
In base 5, what is 14120321024 + -3?
14120321021
In base 16, what is 1c2 + 355cc?
3578e
In base 14, what is -2 - -167cb36?
167cb34
In base 2, what is -11001000011100 + 1011110100?
-10111100101000
In base 16, what is 7e1 - 100c?
-82b
In base 6, what is -42 + -5042142?
-5042224
In base 16, what is 739550 + -2b?
739525
In base 7, what is -1 + -115466312?
-115466313
In base 12, what is 7 + -93b541?
-93b536
In base 12, what is -1a27523 + -5?
-1a27528
In base 3, what is -10220 - 20120020021?
-20120101011
In base 11, what is 713 + -2846?
-2133
In base 16, what is 0 - -5c29d9?
5c29d9
In base 7, what is 36141 + -166?
35642
In base 14, what is 6 + -db04d?
-db047
In base 12, what is -7a33665 - -40?
-7a33625
In base 8, what is 1446132 - -35?
1446167
In base 5, what is -112014233341 + 0?
-112014233341
In base 2, what is -101000 - 10111011011011000?
-10111011100000000
In base 16, what is 1fd57 - -79a?
204f1
In base 4, what is -110031212 + 302102?
-103123110
In base 8, what is -441 - 114632?
-115273
In base 11, what is -8061a8 + 120?
-806088
In base 10, what is 20 + 5419650?
5419670
In base 4, what is 130003331 + -11213?
123332112
In base 11, what is 1a3905 + -1?
1a3904
In base 6, what is 231244234 - -1?
231244235
In base 8, what is 1 + -71464415?
-71464414
In base 5, what is -3412 + 241224?
232312
In base 6, what is 0 + -220340023?
-220340023
In base 5, what is 244403 - 24044?
220304
In base 13, what is 70c493 + -b?
70c485
In base 3, what is 22011101 + 1022000?
100110101
In base 12, what is 7 - 6bba64b7?
-6bba64b0
In base 12, what is 21966 - 3927?
1a03b
In base 12, what is 111171 - -418?
111589
In base 5, what